w + 2 = -g. Let c(m) = g*j(m) + 3*k(m). What is c(0)?
1
Suppose 119*v - 134*v = -195. Let t(l) = 6*l**3 + 3*l - 13*l**3 + 14*l**2 - 2*l**3 - 18*l - 6 + 8*l**3. Give t(v).
-32
Let k(o) be the third derivative of o**6/120 - 7*o**5/60 + 3*o**4/8 - 17*o**3/6 + 6*o**2 - 110. Determine k(6).
1
Let x(c) = -c**2 - 11*c - 23. Suppose -336 = -23*p + 59*p - 8*p. Calculate x(p).
-35
Let t(y) = 8*y - 20. Let h(x) = -2*x**3 + 4*x**2 - 4*x + 1. Let m be h(2). Let q(k) = -7*k + 18. Let z(w) = m*q(w) - 6*t(w). Calculate z(3).
-3
Let r(z) = z**2 + z + 21. Let n = 911 - 911. Determine r(n).
21
Suppose -4*s = -5*k - 272, 6*s - 5*s - 5*k = 53. Let r(c) = s*c - 212*c - c**2 + 73*c + 67*c - c**3. What is r(2)?
-10
Let h(r) = -r**2 + r - 1. Let d(z) = -22*z**2 - 22*z**2 + 43*z**2 + 14*z - 23 - 27. Let g be d(9). Give h(g).
-31
Let u(i) be the third derivative of -i**5/60 + i**4/24 + 4*i**3 - 2*i**2 + 183. Suppose -5*n + 0*n = 0. Give u(n).
24
Let m(z) = -6*z + 24 - 69 + 4*z + 17 + 11. Calculate m(0).
-17
Let q(r) = 81*r - 3570. Let c be q(44). Let t(b) = -2*b**3 - 15*b**2 - 18*b - 6. What is t(c)?
-6
Let t(g) = -26*g - 1. Let f(d) = -153*d - 16. Let y(z) = -f(z) + 6*t(z). Determine y(-17).
61
Let g(k) = -4*k - 6 + 5 + 1 - 2. Let w be g(-1). Let x(j) = 3201 - 3201 + 2*j + j**2. Give x(w).
8
Let q(y) be the first derivative of y**4/2 + 16*y**3/3 - 8*y**2 + 19*y - 1457. What is q(-9)?
1
Let p(r) be the third derivative of -r**6/120 - r**5/30 - r**4/6 + 5*r**3/3 - 1654*r**2. Calculate p(0).
10
Let q(b) = b - 18 + 39*b + 12933*b**2 - 12927*b**2. Give q(-7).
-4
Let n be (1 + 3)*1/(-2). Let j(h) = -h. Let l(p) = -3*p**2 - 5. Let o(q) = -8*q**2 - 14. Let k(i) = 14*l(i) - 5*o(i). Let x(w) = -2*j(w) - k(w). What is x(n)?
4
Let u(g) be the second derivative of -g**5/20 - 13*g**4/12 + g**3/6 + 8*g**2 + g. Let c be (-276)/(-414)*39/(-2) - 0. What is u(c)?
3
Suppose g - 9 = -1. Let o(p) = -g*p + p**2 - 5*p**2 + p + 3*p**2 + 5. Calculate o(-8).
-3
Let p(q) = -67*q**2 - 27*q - 51. Let y(f) = 27*f**2 + 13*f + 26. Let h(c) = -2*p(c) - 5*y(c). Give h(-9).
-10
Let y(g) be the first derivative of -1/2*g**4 - 8*g + 1/2*g**2 - 25 + 4/3*g**3. Let z be y(2). Let i(v) = -3*v - 9. Give i(z).
9
Suppose 2*g - 7*u + 10*u = 12, 4*u - 54 = 10*g. Let a(m) = -m**3 - 3*m**2 - 8*m + 4. What is a(g)?
28
Suppose 2*l - 7*l = 0. Let x = l - -4. Suppose y = -x*j - 7 - 2, -2*j + 2*y - 2 = 0. Let r(s) = -s. Determine r(j).
2
Suppose 0 = -30*z - 113373 + 113013. Let u(c) be the first derivative of c**2/2 - 3*c + 1. Give u(z).
-15
Let a(r) be the second derivative of r**4/12 + 7*r**3/6 - 5*r**2/2 - r. Let w be (2 - 4)/(35/(-49) - -1). Give a(w).
-5
Let y(n) = -52713*n**2 + 105433*n**2 + 34*n - 52721*n**2 - 3*n**3 + 5*n**3 - 69. What is y(2)?
11
Let r(f) = -8*f - 57. Let m be r(-8). Let x(z) = -m*z**2 + 0 - 3 + 6 - 6*z + z**3 - 2. What is x(8)?
17
Suppose -11*q - 8 = -15*q. Let g(u) be the second derivative of 2*u**3 - u**2/2 + 415*u. Determine g(q).
23
Let s(f) be the second derivative of 0*f**4 + 1 + f**2 + 35*f - 1/20*f**5 + 0*f**3. What is s(0)?
2
Let a(c) be the second derivative of c**3/2 - 39*c**2/2 + 13*c + 4. Let f be a(12). Let w(m) = m**3 + 2*m**2 - 5*m - 2. Determine w(f).
4
Let s = -10 - -16. Let l(v) = 33*v**2 + v - 2. Let a be l(2). Let p(i) = -2*i**2 + 4*i**2 - 5 - 136*i - i**2 + a*i. Calculate p(s).
7
Let h(n) be the first derivative of -5*n**3/3 + 7*n**2/2 + 5*n + 2965. Determine h(-1).
-7
Suppose -49*v + 15*v = -34. Let j(s) = -79*s**3 - 2*s**2 + 2*s - 1. What is j(v)?
-80
Let l(y) be the second derivative of -y**4/6 + y**3/3 + 12*y**2 - 2*y + 5. Let r(a) be the first derivative of l(a). Calculate r(2).
-6
Let l(b) be the first derivative of b**2/2 + 2*b - 1. Let o be 1/(8/(-96))*(-15)/60. Determine l(o).
5
Let n(m) be the first derivative of m**2/2 + 3*m + 360. Let j(l) = 5*l. Let z be j(-1). Calculate n(z).
-2
Let x(p) = -21*p + 2. Let i(b) = -10*b + 1. Let h be (-1)/4 + (-21)/12. Let n(f) = h*x(f) + 5*i(f). Suppose -5 = 55*z - 50*z. Give n(z).
9
Suppose 0 = 5*y - 12 + 22, -12*y = 4*a + 44. Let l(p) = -p - 27. What is l(a)?
-22
Let w(y) = -2*y - 1. Let j = 1756 - 1731. Let q(c) = -6*c**2 - c - 1. Let z be q(-2). Let m = j + z. Determine w(m).
-5
Let a(l) = l**2 + 2*l + 5. Let y = -724 - -721. What is a(y)?
8
Let g(q) = 4*q**3 - 2*q + 4*q**3 - 4*q + 0 - 7*q**3 - 6*q**2 - 5 + 0*q. Let k = 15 + -8. What is g(k)?
2
Let v be (8 - (-312)/(-40))/((-6)/(-30)). Let p(o) = 8*o**2 - 2*o + 1. Give p(v).
7
Suppose -4*y + 3 = -5. Let k(m) = 2*m**3 + 16*m**2 + 4*m + 7. Let g(w) = w**3 + 9*w**2 + 2*w + 4. Let h(c) = -7*g(c) + 4*k(c). Calculate h(y).
16
Let q(n) = -270*n + 63. Let v(t) be the third derivative of -17*t**4/24 + 2*t**3/3 + 20*t**2. Let c(j) = 4*q(j) - 63*v(j). Calculate c(1).
-9
Suppose -9 = -6*x + 3*x + m, x - 3 = 5*m. Suppose 0 = -x*q + 6 + 3. Suppose o + q*h = 6*h + 8, -3*o - 2*h + 2 = 0. Let v(y) = -4*y**2 - 2*y + 2. Give v(o).
-18
Let h(d) = -2*d + 4. Let a be 0 + (-25 - 8/2). Let v = a - -37. Suppose 0 = 4*u - 2*u + v. What is h(u)?
12
Suppose 3*p - 5*i - 32 = 4, -3*i - 9 = 0. Suppose -7*a + p = -28. Suppose 9*o + 27 = -a*t + 13*o, 0 = -t + 3*o - 12. Let r(m) = m**3 + 2*m**2 + 2. Give r(t).
-7
Let u(m) = 18 + 2*m**2 - m**3 - 31 + 2*m + 14 - 10*m**3. Let w = -39 - -38. What is u(w)?
12
Let l(f) = -f**3 + 4*f**2 + 3*f - 5. Let y = -580 - -111. Let v = y - -473. Give l(v).
7
Let u be (-11)/((-110)/510) + (-5)/(-1). Let g be 3/4 + 294/u. Let p(y) = -y**2 + 10*y - 7. What is p(g)?
17
Let r(p) = 2*p - 74. Let j be r(38). Let i(g) = 9 - 9 + 2 + j*g + 3. What is i(-5)?
-5
Suppose a = 3*a - 2, 0 = 5*c + 2*a - 12. Let n(r) = -6*r**2 - c*r**2 - 1405*r**3 + 1404*r**3 - 3 + 9*r. Give n(-9).
-3
Suppose 6 - 16 = -5*u. Let r(j) be the first derivative of 3*j**2/2 + 9368. What is r(u)?
6
Let i(s) be the first derivative of -s**6/120 + s**5/15 + s**4/12 + s**3 - 7*s**2/2 - 5*s - 297. Let p(y) be the second derivative of i(y). Calculate p(5).
-9
Let z(l) be the third derivative of l**6/120 - l**4/24 - l**3/6 + l**2. Let d(a) = 3*a**2 + 18*a + 2. Suppose -9*b - 2*b = 66. Let w be d(b). Calculate z(w).
5
Suppose -d = 7*d + 24. Let p(x) be the second derivative of 0 + 3/2*x**2 - 1/12*x**4 - 4*x + 0*x**3. Give p(d).
-6
Suppose 4*i = -14 + 30. Let q(y) = -2*y - 6. Let j be q(-8). Let l(v) = j - 7 - 5 - v. Give l(i).
-6
Let g(n) be the second derivative of -n**5/20 + 5*n**4/12 + n**3 - 4*n**2 + n. Suppose 106*u = -203*u + 1854. Calculate g(u).
-8
Let x(k) = -11 + 15 + 20*k**2 - 4*k**2 - 15*k**2 - 18*k + 23*k. Suppose -4 = g - 1. What is x(g)?
-2
Let k be (3 - (-17)/(-5))*120 - 0. Let h be (-180)/k - (-6)/(-8). Let m(n) be the first derivative of n**4/4 - 4*n**3/3 + 3*n**2/2 + 3. Determine m(h).
0
Let n(b) = -b**2 - 2*b + 13. Let l(p) = 12*p + 40. Let y be l(-3). Suppose -4*v + 2*v = -2*g + 8, 0 = -y*v - 4. Determine n(g).
-2
Suppose 194 - 222 = -14*u. Let n(k) = 39*k - 5. Determine n(u).
73
Let p(w) be the second derivative of w**5/20 - 7*w**4/12 - 4*w**3/3 - w**2/2 - 2026*w. Calculate p(8).
-1
Let y(t) = -t**3 + 19*t**2 - 2. Let q(j) = j**3 + 7*j**2 - 88*j - 111. Let n be q(-13). What is y(n)?
-2
Suppose 60 + 20 = 16*b. Suppose q + 13 = b*m, 0*q - 35 = 4*q - 3*m. Let j(p) = p**2 + 9*p - 8. Calculate j(q).
-16
Suppose 0 = -0*l + 4*l - 8, -4*w - 20 = -4*l. Suppose 5*p - 2*k - 10 = 0, -p + 4*p - 6 = 3*k. Let z(a) = 21 - a**p - 9 - 4*a - 11. Determine z(w).
4
Let u(d) = d**3 - 15*d**2 + 10*d + 58. Let h be u(14). Let y(m) = -7*m**h + 3*m**2 - 1 - 6*m**2 + 16*m**2 - 2*m. Calculate y(-1).
7
Let w(c) = -227*c - 208*c + 664*c - 230*c + 11. What is w(13)?
-2
Suppose f - 5*p - 65 = 0, 5*f - 4*p = 307 - 66. Suppose -4*d = -3*u - f, -3 + 9 = d + u. Let h(a) = a**3 - 10*a**2 + 8*a + 5. Calculate h(d).
-4
Let g(o) = -22*o**2 + 76*o - 282. Let m(i) = 27*i**2 - 96*i + 352. Let x(j) = -11*g(j) - 9*m(j). Calculate x(25).
9
Let u(w) be the second derivative of -w**4/4 - 19*w**3/2 + 47*w**2/2 + 7916*w. Give u(-20).
-13
Let q(w) = -3*w**2 + 4. Let j be (-495)/27 + 1 + 2/(-3). Let s be (j/(-54))/((-1)/(-18)*-2). Give q(s).
-23
Let k(f) = 659 - 1304 + 653 - f. Let r be 0 - (5*-2 - 1). Calculate k(r).
-3
Let d(j) = j**3 + 2*j**2 + 3*j - 10. Suppose 3 - 3 = 34*u. Give d(u).
-10
Let a be (-1 - 20)/(1 - 2). Let s be (-153)/a + 2/7. L